{"id":20,"date":"2023-02-13T21:55:47","date_gmt":"2023-02-13T20:55:47","guid":{"rendered":"https:\/\/www.casa-pac.fr\/?page_id=20"},"modified":"2024-01-03T17:37:27","modified_gmt":"2024-01-03T16:37:27","slug":"qui-sommes-nous","status":"publish","type":"page","link":"https:\/\/www.casa-pac.fr\/index.php\/qui-sommes-nous\/","title":{"rendered":"Qui sommes-nous ?"},"content":{"rendered":"\n<div class=\"wp-block-stackable-columns alignwide stk-block-columns stk-block stk-08ba77d\" data-block-id=\"08ba77d\"><div class=\"stk-row stk-inner-blocks stk-block-content stk-content-align stk-08ba77d-column alignwide\">\n<div class=\"wp-block-stackable-column stk-block-column stk-block-column--v3 stk-column stk-block-column--v2 stk-block stk-7c8b43f\" data-block-id=\"7c8b43f\"><div class=\"stk-column-wrapper stk-block-column__content stk-container stk-7c8b43f-container stk--no-background stk--no-padding\"><div class=\"stk-block-content stk-inner-blocks stk-7c8b43f-inner-blocks\">\n<div class=\"wp-block-stackable-text stk-block-text stk-block stk-46d7569\" data-block-id=\"46d7569\"><p class=\"stk-block-text__text has-text-color has-accent-1-color\">Une entreprise artisanale fran\u00e7aise de proximit\u00e9 qui s\u2019engage \u00e0 vous proposer une installation de qualit\u00e9 en ad\u00e9quation avec votre logement et vos besoins<\/p><\/div>\n\n\n\n<p>Fort d\u2019une <strong>exp\u00e9rience de 15 ans <\/strong>dans l\u2019installation des pompes \u00e0 chaleur, nous intervenons dans toute <strong>l\u2019Ile de France.<\/strong>&nbsp;<\/p>\n\n\n\n<p>Nous sommes <strong><span style=\"color: #22aaa1;\" class=\"stk-highlight\">certifi\u00e9s RGE QualiPac<\/span> <\/strong>et r\u00e9pondons ainsi aux exigences environnementales.&nbsp;&nbsp;<\/p>\n\n\n\n<p>Ainsi, nos installations sont r\u00e9guli\u00e8rement audit\u00e9es et contr\u00f4l\u00e9es par Qualit\u2019EnR.&nbsp;<\/p>\n\n\n\n<p>Au-del\u00e0 de vous assurer une installation de qualit\u00e9, cette certification vous permet \u00e9galement de <strong><span style=\"color: #22aaa1;\" class=\"stk-highlight\">b\u00e9n\u00e9ficier d\u2019aides financi\u00e8res jusqu\u2019\u00e0 11 500 \u20ac<\/span><\/strong>&nbsp;pour vos travaux.&nbsp;<\/p>\n\n\n\n<p>Notre prestation comprend toujours <strong>une premi\u00e8re visite <\/strong>au cours de laquelle nous r\u00e9alisons une <strong>\u00e9tude de faisabilit\u00e9 et un calcul de dimensionnement en vue d\u2019\u00e9tablir votre devis et votre audit \u00e9nerg\u00e9tique.&nbsp;<\/strong><\/p>\n\n\n\n<p>Nous pourrons \u00e0 cette occasion<strong> vous guider et r\u00e9pondre \u00e0 toutes vos questions.&nbsp;<\/strong><\/p>\n\n\n\n<p>Notre objectif est de vous proposer la <strong>meilleure alternative<\/strong> pour vos travaux, <strong>au prix le plus juste<\/strong>.<\/p>\n\n\n\n<p>Vous disposez <strong>d\u2019un m\u00eame contact r\u00e9gulier <\/strong>et <strong>d\u2019un v\u00e9ritable suivi <\/strong>pendant toute la dur\u00e9e des travaux mais \u00e9galement \u00e0 l\u2019issue des travaux si n\u00e9cessaire.<\/p>\n<\/div><\/div><\/div>\n\n\n\n<div class=\"wp-block-stackable-column stk-block-column stk-block-column--v3 stk-column stk-block-column--v2 stk-block stk-9ce88a4\" data-block-id=\"9ce88a4\"><div class=\"stk-column-wrapper stk-block-column__content stk-container stk-9ce88a4-container stk--no-background stk--no-padding\"><div class=\"stk-block-content stk-inner-blocks stk-9ce88a4-inner-blocks\">\n<div class=\"wp-block-stackable-image stk-block-image stk-block stk-0dd9371\" data-block-id=\"0dd9371\"><figure class=\"stk-img-wrapper stk-image--shape-stretch\"><img loading=\"lazy\" decoding=\"async\" class=\"stk-img wp-image-1088\" src=\"https:\/\/www.casa-pac.fr\/wp-content\/uploads\/2023\/03\/VISU-CASA.jpg\" width=\"1304\" height=\"604\" srcset=\"https:\/\/www.casa-pac.fr\/wp-content\/uploads\/2023\/03\/VISU-CASA.jpg 1304w, https:\/\/www.casa-pac.fr\/wp-content\/uploads\/2023\/03\/VISU-CASA-300x139.jpg 300w, https:\/\/www.casa-pac.fr\/wp-content\/uploads\/2023\/03\/VISU-CASA-1024x474.jpg 1024w, https:\/\/www.casa-pac.fr\/wp-content\/uploads\/2023\/03\/VISU-CASA-768x356.jpg 768w, https:\/\/www.casa-pac.fr\/wp-content\/uploads\/2023\/03\/VISU-CASA-602x279.jpg 602w\" sizes=\"auto, (max-width: 1304px) 100vw, 1304px\" \/><\/figure><\/div>\n\n\n\n<div class=\"wp-block-stackable-columns stk-block-columns stk-block stk-d3a5d4c\" data-block-id=\"d3a5d4c\"><div class=\"stk-row stk-inner-blocks stk-block-content stk-content-align stk-d3a5d4c-column\">\n<div class=\"wp-block-stackable-column stk-block-column stk-block-column--v3 stk-column stk-block-column--v2 stk-block stk-ad89462\" data-block-id=\"ad89462\"><div class=\"stk-column-wrapper stk-block-column__content stk-container stk-ad89462-container stk--no-background stk--no-padding\"><div class=\"stk-block-content stk-inner-blocks stk-ad89462-inner-blocks\">\n<div class=\"wp-block-stackable-image stk-block-image stk-block stk-58b90ed\" data-block-id=\"58b90ed\"><figure class=\"stk-img-wrapper stk-image--shape-stretch\"><img loading=\"lazy\" decoding=\"async\" class=\"stk-img wp-image-598\" src=\"https:\/\/www.casa-pac.fr\/wp-content\/uploads\/2023\/03\/Carte-region-idf.png\" width=\"1246\" height=\"1265\" srcset=\"https:\/\/www.casa-pac.fr\/wp-content\/uploads\/2023\/03\/Carte-region-idf.png 1246w, https:\/\/www.casa-pac.fr\/wp-content\/uploads\/2023\/03\/Carte-region-idf-295x300.png 295w, https:\/\/www.casa-pac.fr\/wp-content\/uploads\/2023\/03\/Carte-region-idf-1009x1024.png 1009w, https:\/\/www.casa-pac.fr\/wp-content\/uploads\/2023\/03\/Carte-region-idf-768x780.png 768w, https:\/\/www.casa-pac.fr\/wp-content\/uploads\/2023\/03\/Carte-region-idf-345x350.png 345w\" sizes=\"auto, (max-width: 1246px) 100vw, 1246px\" \/><\/figure><\/div>\n<\/div><\/div><\/div>\n<\/div><\/div>\n\n\n\n<div class=\"wp-block-stackable-image stk-block-image stk-block stk-68dc5b0\" data-block-id=\"68dc5b0\"><figure class=\"stk-img-wrapper stk-image--shape-stretch\"><img loading=\"lazy\" decoding=\"async\" class=\"stk-img wp-image-595\" src=\"https:\/\/www.casa-pac.fr\/wp-content\/uploads\/2023\/03\/logo-QualiPAC-2023-RGE_sc-png.png\" width=\"981\" height=\"585\" srcset=\"https:\/\/www.casa-pac.fr\/wp-content\/uploads\/2023\/03\/logo-QualiPAC-2023-RGE_sc-png.png 981w, https:\/\/www.casa-pac.fr\/wp-content\/uploads\/2023\/03\/logo-QualiPAC-2023-RGE_sc-png-300x179.png 300w, https:\/\/www.casa-pac.fr\/wp-content\/uploads\/2023\/03\/logo-QualiPAC-2023-RGE_sc-png-768x458.png 768w, https:\/\/www.casa-pac.fr\/wp-content\/uploads\/2023\/03\/logo-QualiPAC-2023-RGE_sc-png-587x350.png 587w\" sizes=\"auto, (max-width: 981px) 100vw, 981px\" \/><\/figure><\/div>\n<\/div><\/div><\/div>\n<\/div><\/div>\n<style class=\"advgb-styles-renderer\">.stk-08ba77d-column{--stk-column-gap:48px !important}.stk-7c8b43f-inner-blocks{justify-content:flex-start !important}.stk-7c8b43f-container{display:flex !important;flex-direction:column !important;margin-top:0px !important;margin-right:0px !important;margin-bottom:0px !important;margin-left:0px !important}.stk-46d7569{align-items:flex-start !important;display:flex !important}.stk-46d7569 .stk-block-text__text{font-size:28px !important;color:#22aaa1 !important;line-height:1.1em !important;font-weight:700 !important;font-family:\"Barlow Condensed\",Sans-serif !important}@media screen and (max-width:1023px){.stk-46d7569 .stk-block-text__text{font-size:28px !important}}.stk-9ce88a4-inner-blocks{justify-content:flex-start !important}.stk-9ce88a4-container{display:flex !important;flex-direction:column !important}.stk-d3a5d4c{margin-bottom:0px !important}.stk-d3a5d4c-column{--stk-column-gap:24px !important}.stk-58b90ed{margin-top:-35px !important;margin-bottom:-55px !important}.stk-58b90ed .stk-img-wrapper img{transform:scale(0.74) !important;object-position:0% 10% !important}.stk-68dc5b0{margin-top:-11px !important;margin-bottom:0px !important}.stk-68dc5b0 .stk-img-wrapper img{transform:scale(0.6) !important}<\/style>","protected":false},"excerpt":{"rendered":"<p>Une entreprise artisanale fran\u00e7aise de proximit\u00e9 qui s\u2019engage \u00e0 vous proposer une installation de qualit\u00e9 en ad\u00e9quation avec votre logement et vos besoins Fort d\u2019une exp\u00e9rience de 15 ans dans l\u2019installation des pompes \u00e0 chaleur, nous intervenons dans toute l\u2019Ile de France.&nbsp; Nous sommes certifi\u00e9s RGE QualiPac et r\u00e9pondons ainsi &hellip;<\/p>\n","protected":false},"author":1,"featured_media":0,"parent":0,"menu_order":0,"comment_status":"closed","ping_status":"closed","template":"","meta":{"advgb_blocks_editor_width":"","advgb_blocks_columns_visual_guide":"","footnotes":""},"class_list":["post-20","page","type-page","status-publish","hentry"],"coauthors":[],"author_meta":{"author_link":"https:\/\/www.casa-pac.fr\/index.php\/author\/gregcasa\/","display_name":"GregCasa"},"relative_dates":{"created":"Publi\u00e9 3 ans il y a","modified":"Mis \u00e0 jour 2 ans il y a"},"absolute_dates":{"created":"Publi\u00e9 le 13 f\u00e9vrier 2023","modified":"Mise \u00e0 jour le 3 janvier 2024"},"absolute_dates_time":{"created":"Publi\u00e9 le 13 f\u00e9vrier 2023 21h55","modified":"Mise \u00e0 jour le 3 janvier 2024 17h37"},"featured_img_caption":"","featured_img":false,"series_order":"","_links":{"self":[{"href":"https:\/\/www.casa-pac.fr\/index.php\/wp-json\/wp\/v2\/pages\/20","targetHints":{"allow":["GET"]}}],"collection":[{"href":"https:\/\/www.casa-pac.fr\/index.php\/wp-json\/wp\/v2\/pages"}],"about":[{"href":"https:\/\/www.casa-pac.fr\/index.php\/wp-json\/wp\/v2\/types\/page"}],"author":[{"embeddable":true,"href":"https:\/\/www.casa-pac.fr\/index.php\/wp-json\/wp\/v2\/users\/1"}],"replies":[{"embeddable":true,"href":"https:\/\/www.casa-pac.fr\/index.php\/wp-json\/wp\/v2\/comments?post=20"}],"version-history":[{"count":80,"href":"https:\/\/www.casa-pac.fr\/index.php\/wp-json\/wp\/v2\/pages\/20\/revisions"}],"predecessor-version":[{"id":1709,"href":"https:\/\/www.casa-pac.fr\/index.php\/wp-json\/wp\/v2\/pages\/20\/revisions\/1709"}],"wp:attachment":[{"href":"https:\/\/www.casa-pac.fr\/index.php\/wp-json\/wp\/v2\/media?parent=20"}],"curies":[{"name":"wp","href":"https:\/\/api.w.org\/{rel}","templated":true}]}}

<div class="wp-block-stackable-columns alignwide stk-block-columns stk-block stk-08ba77d" data-block-id="08ba77d"><div class="stk-row stk-inner-blocks stk-block-content stk-content-align stk-08ba77d-column alignwide">
<div class="wp-block-stackable-column stk-block-column stk-block-column--v3 stk-column stk-block-column--v2 stk-block stk-7c8b43f" data-block-id="7c8b43f"><div class="stk-column-wrapper stk-block-column__content stk-container stk-7c8b43f-container stk--no-background stk--no-padding"><div class="stk-block-content stk-inner-blocks stk-7c8b43f-inner-blocks">
<div class="wp-block-stackable-text stk-block-text stk-block stk-46d7569" data-block-id="46d7569"><p class="stk-block-text__text has-text-color has-accent-1-color">Une entreprise artisanale française de proximité qui s’engage à vous proposer une installation de qualité en adéquation avec votre logement et vos besoins</p></div>



<p>Fort d’une <strong>expérience de 15 ans </strong>dans l’installation des pompes à chaleur, nous intervenons dans toute <strong>l’Ile de France.</strong>&nbsp;</p>



<p>Nous sommes <strong><span style="color: #22aaa1;" class="stk-highlight">certifiés RGE QualiPac</span> </strong>et répondons ainsi aux exigences environnementales.&nbsp;&nbsp;</p>



<p>Ainsi, nos installations sont régulièrement auditées et contrôlées par Qualit’EnR.&nbsp;</p>



<p>Au-delà de vous assurer une installation de qualité, cette certification vous permet également de <strong><span style="color: #22aaa1;" class="stk-highlight">bénéficier d’aides financières jusqu’à 11 500 €</span></strong>&nbsp;pour vos travaux.&nbsp;</p>



<p>Notre prestation comprend toujours <strong>une première visite </strong>au cours de laquelle nous réalisons une <strong>étude de faisabilité et un calcul de dimensionnement en vue d’établir votre devis et votre audit énergétique.&nbsp;</strong></p>



<p>Nous pourrons à cette occasion<strong> vous guider et répondre à toutes vos questions.&nbsp;</strong></p>



<p>Notre objectif est de vous proposer la <strong>meilleure alternative</strong> pour vos travaux, <strong>au prix le plus juste</strong>.</p>



<p>Vous disposez <strong>d’un même contact régulier </strong>et <strong>d’un véritable suivi </strong>pendant toute la durée des travaux mais également à l’issue des travaux si nécessaire.</p>
</div></div></div>



<div class="wp-block-stackable-column stk-block-column stk-block-column--v3 stk-column stk-block-column--v2 stk-block stk-9ce88a4" data-block-id="9ce88a4"><div class="stk-column-wrapper stk-block-column__content stk-container stk-9ce88a4-container stk--no-background stk--no-padding"><div class="stk-block-content stk-inner-blocks stk-9ce88a4-inner-blocks">
<div class="wp-block-stackable-image stk-block-image stk-block stk-0dd9371" data-block-id="0dd9371"><figure class="stk-img-wrapper stk-image--shape-stretch"><img loading="lazy" decoding="async" class="stk-img wp-image-1088" src="https://www.casa-pac.fr/wp-content/uploads/2023/03/VISU-CASA.jpg" width="1304" height="604" srcset="https://www.casa-pac.fr/wp-content/uploads/2023/03/VISU-CASA.jpg 1304w, https://www.casa-pac.fr/wp-content/uploads/2023/03/VISU-CASA-300x139.jpg 300w, https://www.casa-pac.fr/wp-content/uploads/2023/03/VISU-CASA-1024x474.jpg 1024w, https://www.casa-pac.fr/wp-content/uploads/2023/03/VISU-CASA-768x356.jpg 768w, https://www.casa-pac.fr/wp-content/uploads/2023/03/VISU-CASA-602x279.jpg 602w" sizes="auto, (max-width: 1304px) 100vw, 1304px" /></figure></div>



<div class="wp-block-stackable-columns stk-block-columns stk-block stk-d3a5d4c" data-block-id="d3a5d4c"><div class="stk-row stk-inner-blocks stk-block-content stk-content-align stk-d3a5d4c-column">
<div class="wp-block-stackable-column stk-block-column stk-block-column--v3 stk-column stk-block-column--v2 stk-block stk-ad89462" data-block-id="ad89462"><div class="stk-column-wrapper stk-block-column__content stk-container stk-ad89462-container stk--no-background stk--no-padding"><div class="stk-block-content stk-inner-blocks stk-ad89462-inner-blocks">
<div class="wp-block-stackable-image stk-block-image stk-block stk-58b90ed" data-block-id="58b90ed"><figure class="stk-img-wrapper stk-image--shape-stretch"><img loading="lazy" decoding="async" class="stk-img wp-image-598" src="https://www.casa-pac.fr/wp-content/uploads/2023/03/Carte-region-idf.png" width="1246" height="1265" srcset="https://www.casa-pac.fr/wp-content/uploads/2023/03/Carte-region-idf.png 1246w, https://www.casa-pac.fr/wp-content/uploads/2023/03/Carte-region-idf-295x300.png 295w, https://www.casa-pac.fr/wp-content/uploads/2023/03/Carte-region-idf-1009x1024.png 1009w, https://www.casa-pac.fr/wp-content/uploads/2023/03/Carte-region-idf-768x780.png 768w, https://www.casa-pac.fr/wp-content/uploads/2023/03/Carte-region-idf-345x350.png 345w" sizes="auto, (max-width: 1246px) 100vw, 1246px" /></figure></div>
</div></div></div>
</div></div>



<div class="wp-block-stackable-image stk-block-image stk-block stk-68dc5b0" data-block-id="68dc5b0"><figure class="stk-img-wrapper stk-image--shape-stretch"><img loading="lazy" decoding="async" class="stk-img wp-image-595" src="https://www.casa-pac.fr/wp-content/uploads/2023/03/logo-QualiPAC-2023-RGE_sc-png.png" width="981" height="585" srcset="https://www.casa-pac.fr/wp-content/uploads/2023/03/logo-QualiPAC-2023-RGE_sc-png.png 981w, https://www.casa-pac.fr/wp-content/uploads/2023/03/logo-QualiPAC-2023-RGE_sc-png-300x179.png 300w, https://www.casa-pac.fr/wp-content/uploads/2023/03/logo-QualiPAC-2023-RGE_sc-png-768x458.png 768w, https://www.casa-pac.fr/wp-content/uploads/2023/03/logo-QualiPAC-2023-RGE_sc-png-587x350.png 587w" sizes="auto, (max-width: 981px) 100vw, 981px" /></figure></div>
</div></div></div>
</div></div>
<style class="advgb-styles-renderer">.stk-08ba77d-column{--stk-column-gap:48px !important}.stk-7c8b43f-inner-blocks{justify-content:flex-start !important}.stk-7c8b43f-container{display:flex !important;flex-direction:column !important;margin-top:0px !important;margin-right:0px !important;margin-bottom:0px !important;margin-left:0px !important}.stk-46d7569{align-items:flex-start !important;display:flex !important}.stk-46d7569 .stk-block-text__text{font-size:28px !important;color:#22aaa1 !important;line-height:1.1em !important;font-weight:700 !important;font-family:"Barlow Condensed",Sans-serif !important}@media screen and (max-width:1023px){.stk-46d7569 .stk-block-text__text{font-size:28px !important}}.stk-9ce88a4-inner-blocks{justify-content:flex-start !important}.stk-9ce88a4-container{display:flex !important;flex-direction:column !important}.stk-d3a5d4c{margin-bottom:0px !important}.stk-d3a5d4c-column{--stk-column-gap:24px !important}.stk-58b90ed{margin-top:-35px !important;margin-bottom:-55px !important}.stk-58b90ed .stk-img-wrapper img{transform:scale(0.74) !important;object-position:0% 10% !important}.stk-68dc5b0{margin-top:-11px !important;margin-bottom:0px !important}.stk-68dc5b0 .stk-img-wrapper img{transform:scale(0.6) !important}</style>

<p>Une entreprise artisanale française de proximité qui s’engage à vous proposer une installation de qualité en adéquation avec votre logement et vos besoins Fort d’une expérience de 15 ans dans l’installation des pompes à chaleur, nous intervenons dans toute l’Ile de France.&nbsp; Nous sommes certifiés RGE QualiPac et répondons ainsi &hellip;</p>

Publié 3 ans il y a

Mis à jour 2 ans il y a

Publié le 13 février 2023

Mise à jour le 3 janvier 2024

Publié le 13 février 2023 21h55

Mise à jour le 3 janvier 2024 17h37
